{"id":1607,"date":"2011-10-30T17:38:55","date_gmt":"2011-10-30T15:38:55","guid":{"rendered":"http:\/\/www.jofli.net\/bigwood\/?page_id=1607"},"modified":"2022-05-17T13:43:00","modified_gmt":"2022-05-17T11:43:00","slug":"marski","status":"publish","type":"page","link":"https:\/\/www.jofli.net\/bigwood\/?page_id=1607","title":{"rendered":"Marski"},"content":{"rendered":"<p><strong>BIG-WOOD\u2019S GRYMUS GRANLUND<\/strong><\/p>\n<p><img loading=\"lazy\" decoding=\"async\" class=\"alignnone  wp-image-3232\" src=\"http:\/\/www.jofli.net\/bigwood\/wp-content\/uploads\/2011\/10\/IMG_9877.jpg\" alt=\"IMG_9877\" width=\"405\" height=\"270\" srcset=\"https:\/\/www.jofli.net\/bigwood\/wp-content\/uploads\/2011\/10\/IMG_9877.jpg 799w, https:\/\/www.jofli.net\/bigwood\/wp-content\/uploads\/2011\/10\/IMG_9877-300x200.jpg 300w\" sizes=\"auto, (max-width: 405px) 100vw, 405px\" \/>\u00a0<img loading=\"lazy\" decoding=\"async\" class=\"alignnone  wp-image-3233\" src=\"http:\/\/www.jofli.net\/bigwood\/wp-content\/uploads\/2011\/10\/IMG_9902.jpg\" alt=\"IMG_9902\" width=\"180\" height=\"270\" srcset=\"https:\/\/www.jofli.net\/bigwood\/wp-content\/uploads\/2011\/10\/IMG_9902.jpg 533w, https:\/\/www.jofli.net\/bigwood\/wp-content\/uploads\/2011\/10\/IMG_9902-200x300.jpg 200w\" sizes=\"auto, (max-width: 180px) 100vw, 180px\" \/><br \/>\n<em>Photo: Petra Tiittanen<\/em><\/p>\n<p><strong>Synt &#8211; d\/o\/b<\/strong>\u00a0 18.5.2011 &#8211; 16.5.2022<br \/>\n<strong>Is\u00e4 \u2013 Sire<\/strong>\u00a0Cardoroth&#8217;s Ruben Lagus<br \/>\n<strong>Em\u00e4 \u2013 Dam<\/strong> Kilvroch Tamina<a href=\"http:\/\/www.jofli.net\/bigwood\/?page_id=279\"><br \/>\n<\/a><br \/>\n<strong>Kasvattaja \/ breeders:<\/strong> Johanna Flinck &amp; Raili Suominen, Pattijoki, Finland<\/p>\n<p><strong>Omistaja \/ owners:<\/strong> Johanna &amp; Jenni Flinck, Pattijoki, Finland<\/p>\n<p><strong>Terveys \/ health<\/strong><\/p>\n<ul>\n<li>Silm\u00e4t \/ Eyes: OK (2012 &amp; 2014)<\/li>\n<li>PRA-clear<\/li>\n<li>Lonkat \/ Hips: B\/B<\/li>\n<li>Kyyn\u00e4rnivelet \/ Elbows: 0\/0, clear<\/li>\n<li>Polvet \/ Patellas: 0\/0, clear<\/li>\n<li>Selk\u00e4 \/ Spine: X-rayed when he was 2 years old, back problems in 2019<\/li>\n<\/ul>\n<p><strong>Saavutuksia \/ merits<\/strong><\/p>\n<ul>\n<li>Suomen muotovalio \/ Finnish Champion<\/li>\n<li>Norjan muotovalio \/ Norwegian Champion<\/li>\n<li>Ruotsin muotovalio \/ Swedish Champion<\/li>\n<li>Pohjoismaiden muotovalio \/ Nordic Champion<\/li>\n<li>Kansainv\u00e4linen muotovalio \/ C.I.B &#8211; International Champion<\/li>\n<li>TOP Winning Cardigan Dog &amp; TOP Winning Cardigan in Finland 2014<\/li>\n<li>ROP &amp; BIS1-pentu Corgiseuran erikoisn\u00e4yttelyss\u00e4 2011 juuri 5 kk i\u00e4ss\u00e4 \/ BOB &amp; BISS puppy at Finnish Welsh Corgi Club&#8217;s nat. specialty 2011<\/li>\n<li>ROP &amp; BIS1 Corgiseuran erikoisn\u00e4yttelyss\u00e4 2014 \/ BISS at Finnish nat. specialty 2014<\/li>\n<li>Kilpaillut agilityss\u00e4 (MINI2) \/ competed in agility (level 2)<\/li>\n<\/ul>\n<div><span style=\"font-size: small;\"><a href=\"http:\/\/www.jofli.net\/bigwood\/?page_id=279\"><img decoding=\"async\" src=\"http:\/\/www.jofli.net\/bigwoods\/kuvat\/database.jpg\" alt=\"db\" align=\"left\" \/><\/a><\/span><\/div>\n<p>MARSKI\u00a0<a href=\"http:\/\/jalostus.kennelliitto.fi\/frmKoira.aspx?RekNo=FI38898\/11&amp;R=38\" target=\"_blank\" rel=\"noopener noreferrer\">KoiraNet<\/a> -tietokannassa<br \/>\nMARSKI in Finnish Kennelclub\u2019s<a href=\"http:\/\/jalostus.kennelliitto.fi\/frmKoira.aspx?RekNo=FI38898\/11&amp;R=38\" target=\"_blank\" rel=\"noopener noreferrer\"> DogNet<\/a> database<\/p>\n<p><strong>INFO<\/strong><\/p>\n<table border=\"0\" width=\"90%\" cellspacing=\"0\" cellpadding=\"0\">\n<tbody>\n<tr>\n<td width=\"50%\"><img decoding=\"async\" src=\"http:\/\/www.jofli.net\/bigwoods\/kuvat\/finflag.jpg\" alt=\"suomeksi\" \/> Marski j\u00e4i veljens\u00e4 Kustin kanssa t\u00e4nne kotiin kasvamaan ja odottamaan valintaa siit\u00e4, kumpi l\u00e4htee uuteen kotimaahansa Englantiin ja kumpi j\u00e4\u00e4 Suomeen. No Kusti l\u00e4hti, Marski j\u00e4i.\u00a0 N\u00e4yttelyharrastuksen &#8220;osa-aikael\u00e4ke&#8221; alkoi sen saatua kasaan kaikki kansainv\u00e4lisen muotovalion arvoon vaadittavat tulokset alle 2,5 vuotiaana. Hetki kilpailtiin agilityss\u00e4 agilityn 2-luokkaan saakka ja sielt\u00e4kin tuli yksi LUVA-tulos. T\u00e4ydellinen el\u00e4ke alkoi Marskin loukattua kotioloissa selk\u00e4ns\u00e4. Onnellista jatkoaikaa tuli toipumisen j\u00e4lkeen useampi vuosi, mutta kauniina toukokuisena p\u00e4iv\u00e4n\u00e4 tuli aika luovuttaa ja p\u00e4\u00e4st\u00e4\u00e4 Marski irti kroppansa vankeudesta.<\/td>\n<td width=\"50%\"><img decoding=\"async\" src=\"http:\/\/www.jofli.net\/bigwoods\/kuvat\/ukflag.jpg\" alt=\"english version\" \/> When Eileen made her decision to take Marski&#8217;s fullbrother Kusti to UK, we couldn&#8217;t let Marski go.<\/p>\n<p>Marski started his show career with style. He was BOB puppy &amp; BISS puppy (over pem) at Finnish nat. specialty 2011 and he wasn&#8217;t more than couple days over 5 months. Marski has now finished his Champion titles from Finland, Sweden and Norway and finished his international title at age of 2,5 years. Not bad at all! Marski competed also in Agility.<\/td>\n<\/tr>\n<\/tbody>\n<\/table>\n<p><strong>KUVIA \/ PHOTOS<\/strong><\/p>\n<p><a href=\"http:\/\/jofli.kuvat.fi\/kuvat\/Omien+koirien+galleriat\/Marski\/\" target=\"_blank\" rel=\"noopener noreferrer\">http:\/\/jofli.kuvat.fi\/kuvat\/Omien+koirien+galleriat\/Marski\/<\/a><\/p>\n<p><img decoding=\"async\" class=\"alignnone size-full wp-image-3048\" src=\"http:\/\/www.jofli.net\/bigwood\/wp-content\/uploads\/2011\/10\/1185136_10151821801432360_1605613278_n.jpg\" alt=\"1185136_10151821801432360_1605613278_n\" width=\"400\" srcset=\"https:\/\/www.jofli.net\/bigwood\/wp-content\/uploads\/2011\/10\/1185136_10151821801432360_1605613278_n.jpg 600w, https:\/\/www.jofli.net\/bigwood\/wp-content\/uploads\/2011\/10\/1185136_10151821801432360_1605613278_n-300x200.jpg 300w\" sizes=\"(max-width: 600px) 100vw, 600px\" \/><\/p>\n<p><img loading=\"lazy\" decoding=\"async\" class=\"alignnone\" src=\"http:\/\/www.jofli.net\/bigwood\/wp-content\/uploads\/2011\/10\/IMG_09791.jpg\" alt=\"\" width=\"400\" height=\"257\" \/><\/p>\n<p><img decoding=\"async\" class=\"alignnone\" src=\"http:\/\/jofli.kuvat.fi\/kuvat\/Omien%20koirien%20galleriat\/Marski\/IMG_0550.JPG\/_full.jpg\" alt=\"\" width=\"400\" \/><\/p>\n","protected":false},"excerpt":{"rendered":"<p>BIG-WOOD\u2019S GRYMUS GRANLUND \u00a0 Photo: Petra Tiittanen Synt &#8211; d\/o\/b\u00a0 18.5.2011 &#8211; 16.5.2022 Is\u00e4 \u2013 Sire\u00a0Cardoroth&#8217;s Ruben Lagus Em\u00e4 \u2013 Dam Kilvroch Tamina Kasvattaja \/ breeders: Johanna Flinck &amp; Raili Suominen, Pattijoki, Finland Omistaja \/ owners: Johanna &amp; Jenni Flinck, Pattijoki, Finland Terveys \/ health Silm\u00e4t \/ Eyes: OK (2012 &amp; 2014) PRA-clear Lonkat \/ &hellip; <\/p>\n<p><a class=\"more-link btn\" href=\"https:\/\/www.jofli.net\/bigwood\/?page_id=1607\">Continue reading<\/a><\/p>\n","protected":false},"author":1,"featured_media":0,"parent":88,"menu_order":0,"comment_status":"closed","ping_status":"closed","template":"template-onecolumn.php","meta":{"footnotes":""},"class_list":["post-1607","page","type-page","status-publish","hentry","nodate","item-wrap"],"_links":{"self":[{"href":"https:\/\/www.jofli.net\/bigwood\/index.php?rest_route=\/wp\/v2\/pages\/1607","targetHints":{"allow":["GET"]}}],"collection":[{"href":"https:\/\/www.jofli.net\/bigwood\/index.php?rest_route=\/wp\/v2\/pages"}],"about":[{"href":"https:\/\/www.jofli.net\/bigwood\/index.php?rest_route=\/wp\/v2\/types\/page"}],"author":[{"embeddable":true,"href":"https:\/\/www.jofli.net\/bigwood\/index.php?rest_route=\/wp\/v2\/users\/1"}],"replies":[{"embeddable":true,"href":"https:\/\/www.jofli.net\/bigwood\/index.php?rest_route=%2Fwp%2Fv2%2Fcomments&post=1607"}],"version-history":[{"count":52,"href":"https:\/\/www.jofli.net\/bigwood\/index.php?rest_route=\/wp\/v2\/pages\/1607\/revisions"}],"predecessor-version":[{"id":5667,"href":"https:\/\/www.jofli.net\/bigwood\/index.php?rest_route=\/wp\/v2\/pages\/1607\/revisions\/5667"}],"up":[{"embeddable":true,"href":"https:\/\/www.jofli.net\/bigwood\/index.php?rest_route=\/wp\/v2\/pages\/88"}],"wp:attachment":[{"href":"https:\/\/www.jofli.net\/bigwood\/index.php?rest_route=%2Fwp%2Fv2%2Fmedia&parent=1607"}],"curies":[{"name":"wp","href":"https:\/\/api.w.org\/{rel}","templated":true}]}}