{"id":15,"date":"2011-01-17T17:22:29","date_gmt":"2011-01-17T15:22:29","guid":{"rendered":"http:\/\/www.jofli.net\/bigwood\/?page_id=15"},"modified":"2020-12-22T15:04:40","modified_gmt":"2020-12-22T13:04:40","slug":"foto","status":"publish","type":"page","link":"https:\/\/www.jofli.net\/bigwood\/?page_id=15","title":{"rendered":"PHOTOS"},"content":{"rendered":"<p><a href=\"http:\/\/www.jofli.net\/bigwoods\/uk_index.html\"><img decoding=\"async\" src=\"http:\/\/www.jofli.net\/bigwoods\/kuvat\/ukflag.jpg\" alt=\"english version\"><\/a> Photographing is Johanna&#8217;s hobby. You can go to Johanna&#8217;s gallery to see a lot of photos. She has also made a photo book &#8220;Cardially Yours&#8221;. The edition is still a very limited, but who knows if there will be more copies some day. If you are seriously interested, feel free to take contact.<\/p>\n<p><a href=\"http:\/\/jofli.kuvat.fi\" target=\"_blank\" rel=\"noopener noreferrer\"><strong>JOFLI-GALLERY<\/strong><\/a><\/p>\n<p><img decoding=\"async\" src=\"http:\/\/www.jofli.net\/bigwoods\/kuvat\/finflag.jpg\" alt=\"suomeksi\"> Valokuvaus kuuluu olennaisena osana Johannan koiraharrastukseen. Galleriasta voit kurkistella monenlaisia kuvia mit\u00e4 erilaisimmista koiratapahtumista, lenkeilt\u00e4, kotoa ja kokeista. Johanna on kasannut kuvistaan my\u00f6s Cardially Yours -omakustannekirjan. Sen painosm\u00e4\u00e4r\u00e4 on toistaiseksi vain omat tarpeet kattava, mutta mik\u00e4li kiinnostusta on laajemminkin, voidaan sen lis\u00e4kopioiden painattamisesta neuvotella.<\/p>\n<p><small><img decoding=\"async\" src=\"http:\/\/www.jofli.net\/bigwoods\/kuvat\/syksy1.JPG\" alt=\"\" width=\"500\"><\/small><\/p>\n<p><small><img decoding=\"async\" src=\"http:\/\/www.jofli.net\/bigwoods\/kuvat\/syksy2.JPG\" alt=\"\" width=\"500\"><\/small><\/p>\n<p><small><img decoding=\"async\" src=\"http:\/\/www.jofli.net\/bigwoods\/kuvat\/syksy3.JPG\" alt=\"\" width=\"500\"><\/small><\/p>\n<p><small><img decoding=\"async\" src=\"http:\/\/www.jofli.net\/bigwoods\/kuvat\/Photo_tottivesi.jpg\" alt=\"\" width=\"500\"><\/p>\n<p><img decoding=\"async\" src=\"http:\/\/www.jofli.net\/bigwoods\/kuvat\/Photo_porri.jpg\" alt=\"\" width=\"500\"><\/p>\n<p><img decoding=\"async\" src=\"http:\/\/www.jofli.net\/bigwoods\/kuvat\/Photo_kukka.jpg\" alt=\"\" width=\"500\"><\/p>\n<p><img decoding=\"async\" src=\"http:\/\/www.jofli.net\/bigwoods\/kuvat\/Photo_kukkataakin.jpg\" alt=\"\" width=\"500\"><\/p>\n<p><img decoding=\"async\" src=\"http:\/\/www.jofli.net\/bigwoods\/kuvat\/Photo_joutsenet.jpg\" alt=\"\" width=\"500\"><\/p>\n<p><\/small><small><\/small><\/p>\n<p><small><\/small><\/p>\n","protected":false},"excerpt":{"rendered":"<p>Photographing is Johanna&#8217;s hobby. You can go to Johanna&#8217;s gallery to see a lot of photos. She has also made a photo book &#8220;Cardially Yours&#8221;. The edition is still a very limited, but who knows if there will be more copies some day. If you are seriously interested, feel free to take contact. JOFLI-GALLERY Valokuvaus &hellip; <\/p>\n<p><a class=\"more-link btn\" href=\"https:\/\/www.jofli.net\/bigwood\/?page_id=15\">Continue reading<\/a><\/p>\n","protected":false},"author":1,"featured_media":0,"parent":0,"menu_order":6,"comment_status":"closed","ping_status":"closed","template":"template-onecolumn.php","meta":{"footnotes":""},"class_list":["post-15","page","type-page","status-publish","hentry","nodate","item-wrap"],"_links":{"self":[{"href":"https:\/\/www.jofli.net\/bigwood\/index.php?rest_route=\/wp\/v2\/pages\/15","targetHints":{"allow":["GET"]}}],"collection":[{"href":"https:\/\/www.jofli.net\/bigwood\/index.php?rest_route=\/wp\/v2\/pages"}],"about":[{"href":"https:\/\/www.jofli.net\/bigwood\/index.php?rest_route=\/wp\/v2\/types\/page"}],"author":[{"embeddable":true,"href":"https:\/\/www.jofli.net\/bigwood\/index.php?rest_route=\/wp\/v2\/users\/1"}],"replies":[{"embeddable":true,"href":"https:\/\/www.jofli.net\/bigwood\/index.php?rest_route=%2Fwp%2Fv2%2Fcomments&post=15"}],"version-history":[{"count":12,"href":"https:\/\/www.jofli.net\/bigwood\/index.php?rest_route=\/wp\/v2\/pages\/15\/revisions"}],"predecessor-version":[{"id":5344,"href":"https:\/\/www.jofli.net\/bigwood\/index.php?rest_route=\/wp\/v2\/pages\/15\/revisions\/5344"}],"wp:attachment":[{"href":"https:\/\/www.jofli.net\/bigwood\/index.php?rest_route=%2Fwp%2Fv2%2Fmedia&parent=15"}],"curies":[{"name":"wp","href":"https:\/\/api.w.org\/{rel}","templated":true}]}}