{"id":139,"date":"2011-01-17T18:52:43","date_gmt":"2011-01-17T16:52:43","guid":{"rendered":"http:\/\/www.jofli.net\/bigwood\/?page_id=139"},"modified":"2022-05-17T13:45:47","modified_gmt":"2022-05-17T11:45:47","slug":"miki-pembroke","status":"publish","type":"page","link":"https:\/\/www.jofli.net\/bigwood\/?page_id=139","title":{"rendered":"Miki Pembroke"},"content":{"rendered":"<p><strong>ANNLINE&#8217;S MY MAGIC CHANCE<\/strong><\/p>\n<p><img decoding=\"async\" class=\"alignnone\" alt=\"\" src=\"http:\/\/jofli.kuvat.fi\/kuvat\/Omien%20koirien%20galleriat\/Miki\/mikiIMG_6998.JPG\/full\" height=\"270\"> <img decoding=\"async\" alt=\"\" src=\"http:\/\/jofli.kuvat.fi\/kuvat\/Omien%20koirien%20galleriat\/Miki\/mikiIMG_7157.JPG\/full\" height=\"270\"><\/p>\n<table width=\"90%\" border=\"0\" cellspacing=\"0\" cellpadding=\"0\">\n<tbody>\n<tr>\n<td style=\"vertical-align: top;\"><small>Synt<br \/>\nd\/o\/b<\/small><\/td>\n<td style=\"vertical-align: top;\">25.5.2005 &#8211; 21.5.2014&nbsp;<img decoding=\"async\" alt=\"\" src=\"http:\/\/www.jofli.net\/bigwoods\/kuvat\/male.jpg\"><\/td>\n<\/tr>\n<tr>\n<td style=\"vertical-align: top;\">Is\u00e4 &#8211; Sire<br \/>\nEm\u00e4 &#8211; Dam<\/td>\n<td style=\"vertical-align: top;\"><a href=\"http:\/\/www.jofli.net\/bigwoods\/sukutaulu_magicchance.html\" target=\"_new\" rel=\"noopener\"><img decoding=\"async\" alt=\"pedigree\" src=\"http:\/\/www.jofli.net\/testisivut\/kuvat\/pedigree_icon.jpg\" align=\"right\"><\/a>Craigycor Rum Punch<br \/>\nDwynella Kiwi Chance for Annline<\/td>\n<\/tr>\n<tr>\n<td style=\"vertical-align: top;\">Kasvattaja<br \/>\nbreeder<\/td>\n<td style=\"vertical-align: top;\">Anneli Sutela, Kaipola, Finland<\/td>\n<\/tr>\n<tr>\n<td style=\"vertical-align: top;\">Omistaja<br \/>\nowner<\/td>\n<td style=\"vertical-align: top;\">Eija &amp; Juha M\u00e4t\u00e4saho &amp; Johanna Flinck, Pattijoki<\/td>\n<\/tr>\n<tr>\n<td style=\"vertical-align: top;\">Terveys<br \/>\nhealth<\/td>\n<td style=\"vertical-align: top;\">silm\u00e4t \/ eyes OK (07\/06)<br \/>\nvWD kantaja \/ carrier<br \/>\nkastroitu \/ castrated<\/td>\n<\/tr>\n<tr>\n<td style=\"vertical-align: top;\">Saavutuksia<br \/>\nmerits<\/td>\n<td style=\"vertical-align: top;\">\n<ul>\n<li>Suomen muotovalio \/ Finnish Champion<\/li>\n<li>Valioitui 8 n\u00e4yttelyk\u00e4ynnill\u00e4 saaden 4 serti\u00e4 \/ Has showed only 8 times and has won 4*CCs and finished his Ch title.<\/li>\n<li>GROUP-3 in all breed show 2006<\/li>\n<\/ul>\n<\/td>\n<\/tr>\n<\/tbody>\n<\/table>\n<p><img decoding=\"async\" alt=\"db\" src=\"http:\/\/www.jofli.net\/testisivut\/kuvat\/database.jpg\" align=\"left\">MIKI&nbsp;<a href=\"http:\/\/jalostus.kennelliitto.fi\/frmKoira.aspx?RekNo=FIN37323\/05&amp;R=39\" target=\"_blank\" rel=\"noopener\">KoiraNet<\/a> -tietokannassa<br \/>\nMIKI in Finnish Kennelclub&#8217;s&nbsp;<a href=\"http:\/\/jalostus.kennelliitto.fi\/frmKoira.aspx?RekNo=FIN37323\/05&amp;R=39\" target=\"_blank\" rel=\"noopener\">DogNet<\/a> database<\/p>\n<p><strong>INFO<\/strong><\/p>\n<table width=\"90%\" border=\"0\" cellspacing=\"0\" cellpadding=\"0\">\n<tbody>\n<tr>\n<td style=\"vertical-align: top;\" width=\"50%\"><img decoding=\"async\" alt=\"suomeksi\" src=\"http:\/\/www.jofli.net\/testisivut\/kuvat\/finflag.jpg\">Miki-miekkonen majailee Johannan vanhemmilla. Se on hyvin aktiivinen ja liikkuvainen pakkaus, joka rakastaa huomion keskipisteen\u00e4 olemista. Sen koko olemus huokuu &#8220;katsokaa minua, t\u00e4\u00e4lt\u00e4 min\u00e4 tulen&#8221; -asennetta oltiinpa sitten ihan kotosalla tai joissain koirakinkereiss\u00e4.<\/p>\n<p>Miki valioitui jokseenkin helposti. Sen showmiehen asenne oli ylivoimainen, mutta valitettavasti eturauhasongelmat k\u00e4viv\u00e4t ylivomaisiksi sek\u00e4 koiralle ett\u00e4 perheelle. Miki on nyt kastroitu, mutta ennen t\u00e4t\u00e4 toimenpidett\u00e4 se sai yhden pentueellisen verran j\u00e4lkikasvua Tejakes-kenneliin. Terveisi\u00e4 vain pennuille ja pennunpennuille, niit\u00e4kin jo on.<\/td>\n<td style=\"vertical-align: top;\" width=\"50%\"><img decoding=\"async\" alt=\"english version\" src=\"http:\/\/www.jofli.net\/testisivut\/kuvat\/ukflag.jpg\">Miki-the-pem lives with Johanna&#8217;s parents. He is very active boy and it seems that he always thinks that &#8220;Oh, here I come, look at ME, ME, ME&#8230; only ME&#8221;<\/p>\n<p>He finished his Ch title easily, but he is now castrated because of his prostata problems.<\/td>\n<\/tr>\n<\/tbody>\n<\/table>\n<p><strong>KUVIA \/ PHOTOS<\/strong><\/p>\n<p><img decoding=\"async\" alt=\"\" src=\"http:\/\/jofli.kuvat.fi\/kuvat\/Omien%20koirien%20galleriat\/Miki\/mikiIMG_7465.JPG\/full\" width=\"400\"><\/p>\n<p><img decoding=\"async\" alt=\"\" src=\"http:\/\/www.jofli.net\/bigwoods\/kuvat\/miki9kk_liikkuu.jpg\" width=\"400\"><\/p>\n<p><img decoding=\"async\" alt=\"\" src=\"http:\/\/www.jofli.net\/bigwoods\/kuvat\/miki5kkA.jpg\" width=\"400\"><small>5 months<\/small><\/p>\n<p><img decoding=\"async\" alt=\"\" src=\"http:\/\/www.jofli.net\/bigwoods\/kuvat\/miksulennossa.jpg\" height=\"300\"> <img decoding=\"async\" alt=\"\" src=\"http:\/\/www.jofli.net\/bigwoods\/kuvat\/mikitulee.jpg\" height=\"300\"><\/p>\n<p><img decoding=\"async\" alt=\"\" src=\"http:\/\/www.jofli.net\/bigwoods\/kuvat\/mikisopoilee.jpg\" width=\"400\"><\/p>\n<p><img decoding=\"async\" alt=\"\" src=\"http:\/\/www.jofli.net\/bigwoods\/kuvat\/mikiseisoo9vkoB.jpg\" width=\"400\"><\/p>\n","protected":false},"excerpt":{"rendered":"<p>ANNLINE&#8217;S MY MAGIC CHANCE Synt d\/o\/b 25.5.2005 &#8211; 21.5.2014&nbsp; Is\u00e4 &#8211; Sire Em\u00e4 &#8211; Dam Craigycor Rum Punch Dwynella Kiwi Chance for Annline Kasvattaja breeder Anneli Sutela, Kaipola, Finland Omistaja owner Eija &amp; Juha M\u00e4t\u00e4saho &amp; Johanna Flinck, Pattijoki Terveys health silm\u00e4t \/ eyes OK (07\/06) vWD kantaja \/ carrier kastroitu \/ castrated Saavutuksia merits &hellip; <\/p>\n<p><a class=\"more-link btn\" href=\"https:\/\/www.jofli.net\/bigwood\/?page_id=139\">Continue reading<\/a><\/p>\n","protected":false},"author":1,"featured_media":0,"parent":88,"menu_order":11,"comment_status":"closed","ping_status":"open","template":"template-onecolumn.php","meta":{"footnotes":""},"class_list":["post-139","page","type-page","status-publish","hentry","nodate","item-wrap"],"_links":{"self":[{"href":"https:\/\/www.jofli.net\/bigwood\/index.php?rest_route=\/wp\/v2\/pages\/139","targetHints":{"allow":["GET"]}}],"collection":[{"href":"https:\/\/www.jofli.net\/bigwood\/index.php?rest_route=\/wp\/v2\/pages"}],"about":[{"href":"https:\/\/www.jofli.net\/bigwood\/index.php?rest_route=\/wp\/v2\/types\/page"}],"author":[{"embeddable":true,"href":"https:\/\/www.jofli.net\/bigwood\/index.php?rest_route=\/wp\/v2\/users\/1"}],"replies":[{"embeddable":true,"href":"https:\/\/www.jofli.net\/bigwood\/index.php?rest_route=%2Fwp%2Fv2%2Fcomments&post=139"}],"version-history":[{"count":12,"href":"https:\/\/www.jofli.net\/bigwood\/index.php?rest_route=\/wp\/v2\/pages\/139\/revisions"}],"predecessor-version":[{"id":5691,"href":"https:\/\/www.jofli.net\/bigwood\/index.php?rest_route=\/wp\/v2\/pages\/139\/revisions\/5691"}],"up":[{"embeddable":true,"href":"https:\/\/www.jofli.net\/bigwood\/index.php?rest_route=\/wp\/v2\/pages\/88"}],"wp:attachment":[{"href":"https:\/\/www.jofli.net\/bigwood\/index.php?rest_route=%2Fwp%2Fv2%2Fmedia&parent=139"}],"curies":[{"name":"wp","href":"https:\/\/api.w.org\/{rel}","templated":true}]}}